t d(m) = 2 + 3 + m + 0*m. What are the prime factors of d(p)?
2, 5
Let z be (-2)/8 + 132/16. Suppose -4*g + 0 = -z. Suppose 18 = g*s + s. List the prime factors of s.
2, 3
Let h(c) = c**2 + c + 24. List the prime factors of h(0).
2, 3
Let k(i) = -3*i**2 - 36*i + 6. List the prime factors of k(-12).
2, 3
Suppose -22 = -4*n + 3*n. Let d = 24 + -15. Let c = n - d. What are the prime factors of c?
13
List the prime factors of (-8)/(-36) + (-1144)/(-36).
2
Suppose 4*q = -w + 18, -5*q = 2*w - 2*q - 16. Suppose 5*a + z - 16 = 0, -w*a - z - 4 = 2*z. Suppose 0 = 2*b - a*b + 10. List the prime factors of b.
5
List the prime factors of 4/(-2) - (-7 - -2).
3
Let q = -15 + 11. Let i = q - -1. List the prime factors of -13*1*(i - -2).
13
Suppose 0 = -3*c - 5 + 23. Let h be (1/(-1) + 2)*c. Suppose m = h*m - 40. What are the prime factors of m?
2
Suppose -2*g + 2*k + 788 = 0, 0 = -5*g + 4*k + 1547 + 426. What are the prime factors of g?
397
Let c be 0/7*(-2)/(-4). Let r = 9 - 4. Suppose -r*z - 21 + 76 = c. What are the prime factors of z?
11
Suppose 0 = 3*k - 6*k + 39. Suppose 2*u - k = -3. Let i(f) = f**3 - 6*f**2 + 6*f + 2. List the prime factors of i(u).
7
Let y(k) = k**2 + 13*k - 4. Let d be y(-14). Let f = -4 + d. What are the prime factors of f?
2, 3
Let f = 24 + -13. Suppose 5*o + 20 + f = 4*h, 4*o = -2*h + 22. List the prime factors of h.
3
Suppose -3*q - 217 = -28. List the prime factors of q/(-2) + (-1)/(-2).
2
Suppose 0 = 3*d - 2*h - 208, 0*d = d - 3*h - 81. List the prime factors of d/15*(-5)/(-2).
11
Let z(l) = 6*l**2 + 9*l + 11. What are the prime factors of z(-5)?
2, 29
Let p(g) be the first derivative of -g**2/2 + 2*g - 2. Let c be p(-2). Suppose 0*b - 84 = -c*b. What are the prime factors of b?
3, 7
Let g(t) = -3 - t + 5*t**2 - 3*t**2 + 1 - t**2. Suppose 5*d - 9 = 2*d. List the prime factors of g(d).
2
What are the prime factors of 4/(-6) - (-250)/15?
2
Suppose -9*p = -3*p - 2124. What are the prime factors of p?
2, 3, 59
Let r be (-1 - 2/(-4))*4. Let y = r - 3. Let h = 12 + y. What are the prime factors of h?
7
Let o = -38 + 19. Let a be (-2 + -1 - 0) + 34. Let n = o + a. List the prime factors of n.
2, 3
Suppose -2*u = -o - o + 12, 3*o - 24 = 5*u. What are the prime factors of o?
3
Suppose 0*v - y + 15 = 2*v, 3*y - 30 = -3*v. Let j(w) = -w**3 + 5*w**2 + 5*w + 5. Let m be j(v). Let n = 52 - m. List the prime factors of n.
2, 11
Suppose 14 = m - 0. Let s = m - 8. What are the prime factors of s?
2, 3
Let c(o) = -3*o + 1. Let t be c(-2). Let i = 0 + t. List the prime factors of i.
7
Let c(h) = h**3 - 7*h**2 + 8. Let r(t) = -t**3 + 9*t**2 + 5. Let l be r(9). Suppose l*d + s - 32 = 0, d = -d + 2*s + 20. List the prime factors of c(d).
2
Let t = -197 - -498. List the prime factors of t.
7, 43
Let p(o) = o. Let w = 1 + 4. What are the prime factors of p(w)?
5
Suppose 4*u = -3*k + 330, -3*u - 447 = -4*k - 6*u. Suppose -2*i + 23 = p, -4*p + 7*i + k = 4*i. What are the prime factors of p?
3
Let h(k) = -10*k**3 + k. Suppose -2*r - 4*m = 9 - 35, r - 2*m = -3. Suppose -r*d - 10 = i, -2*d - 2*d - i = 9. List the prime factors of h(d).
3
Suppose -3*c = 162 - 645. What are the prime factors of c?
7, 23
Let a = 13 - 1. Let n(x) = -x**2 + 13*x + 10. List the prime factors of n(a).
2, 11
Suppose -30 = m - 6*m. Suppose m = -t + 2*t. What are the prime factors of t/((-1)/((-6)/4))?
3
Suppose -k = -3*k + 214. List the prime factors of k.
107
Suppose -f - 3*f + 588 = 0. What are the prime factors of f?
3, 7
Let l = -28 - -59. Suppose 0 = -4*n + 4*m - 6*m + 38, 5*m - l = -2*n. List the prime factors of n.
2
Suppose -2*j + 5*t = -119, -4*t = j - 5*j + 244. List the prime factors of j.
2, 31
Suppose -3*b = -1 - 14. Suppose 26 = b*f - 3*x, 22 = -2*f + 5*f - 5*x. Suppose 34 + 14 = f*a. List the prime factors of a.
2, 3
Suppose -2*l + l + 6 = 0. Let v(h) = h - 8. Let m be v(l). Let k(t) = t**2 - t - 1. List the prime factors of k(m).
5
Suppose -68 = -5*y + 82. Let t be 1/((-2)/y*-3). Suppose t*o - 22 - 8 = 0. What are the prime factors of o?
2, 3
Suppose -9 = r + 3*t, -r + 0*t = 4*t + 12. Suppose -l = -r*l. Suppose l = -5*x + 53 - 3. List the prime factors of x.
2, 5
Suppose 0 = -9*g + 13*g - 472. Suppose -g = -5*a + 67. List the prime factors of a.
37
Let x = 16 - 2. Let n = -12 + 9. Let y = x - n. List the prime factors of y.
17
Suppose -m = u, 4*u = -5*m + 3*m. Let t be 3 - (u/(-3) - 1). Suppose -q = -t + 1. List the prime factors of q.
3
Suppose -2*p - p = 0. Let y(s) = -s**2 + 7. List the prime factors of y(p).
7
Let t(v) = v + 5. Let x be t(-9). Suppose -5*h - 1 = -4*h. What are the prime factors of x - -11 - 1/h?
2
Let u = -76 + 161. What are the prime factors of u?
5, 17
Let p be ((0/3)/(-1))/(-2). Suppose 20 = -p*s + 4*s. Suppose -4*y = -5*z - 36, 0 = 6*y - 2*y + s*z + 4. What are the prime factors of y?
2
Suppose -2*d - 3*u - 13 = -71, -126 = -4*d - u. Suppose -3*o - o - 5*v = -5, -d = -4*o + 4*v. What are the prime factors of o?
5
Let g(z) = -15*z - 1. List the prime factors of g(-1).
2, 7
Suppose k = 40 - 8. What are the prime factors of k?
2
Let k(z) = -z + 2. Let p be k(0). Suppose p*h - 138 = -h. What are the prime factors of h?
2, 23
Let q(s) = -20*s + 1. Let n be q(-1). Let z = n - 11. List the prime factors of z.
2, 5
Let i(c) = c**2 + c. Let z(u) = -2*u**2 + 3*u - 2. Suppose b = l + 5, -b + 2*l + 0 = -9. Let w(t) = b*z(t) + 3*i(t). What are the prime factors of w(-8)?
2, 7
Suppose 0*q = -q + 14. List the prime factors of q.
2, 7
Let k = -48 - -78. Suppose 2*v = 7*v, -5*q - v = k. Let f = 10 + q. What are the prime factors of f?
2
Let t(y) = y**2. Suppose 2*p - 16 = -2*p. Suppose 1 = p*u - 7. List the prime factors of t(u).
2
Suppose 0 = c - 2, 3*a + 2*c - 27 = 73. Let v = a + -20. What are the prime factors of v?
2, 3
Suppose 3*k - 25 - 2 = 2*s, 5*k + s = 32. Suppose -112 = 3*i - k*i. List the prime factors of i.
2, 7
Let m = 615 + -346. List the prime factors of m.
269
Let b(p) = -14*p**3 + p + 1. Suppose 1 = -d - 0*d. List the prime factors of b(d).
2, 7
Suppose 0 = -5*a + 5 + 75. Suppose 2*m = -3*v + 4*v - 12, 4*m = a. What are the prime factors of v?
2, 5
Let q(i) = i**3 + i**2 + i - 1. Let r be q(1). Suppose 5*a - 3*k - 168 = 0, -r*a - 4*k = 3*a - 196. What are the prime factors of a?
2, 3
Suppose 3*v - 7*v = -824. What are the prime factors of 5/(-30) - v/(-12)?
17
Suppose -2*u = -5*o + 17, 0 = -2*o - u - u + 18. Suppose -2*p - 60 = -5*r, 25 = -5*r - o*p + 85. Suppose 3*s - s = r. List the prime factors of s.
2, 3
Let d(a) = a**3 - 7*a**2 + 7*a - 2. Let x be d(6). Suppose 25 = 3*g + x. List the prime factors of g.
7
Let m = 13 + -9. Suppose 55 = m*v - 41. List the prime factors of v.
2, 3
Let h be (-190)/(-3)*(-48)/(-20). Let z = -97 + h. List the prime factors of z.
5, 11
Suppose r - 3 = -2*n, -3*n + 4*r + 0 = -10. Suppose -2*a - n*a + 11 = -y, a = 5*y - 2. List the prime factors of a.
3
Let p(a) be the first derivative of -a**4/4 + 4*a**3/3 - a**2 + 3*a + 2. Let z be p(5). Let x = -23 - z. What are the prime factors of x?
3
Let r(h) = h**3 + 12*h**2 + 3. Let q be r(-12). What are the prime factors of -1*11*(-3)/q?
11
Let s(b) = -b**3 - b**2 - 7*b + 3. List the prime factors of s(-4).
79
Let h be (24/(-15))/(-2)*5. Suppose h*u = -u + 35. What are the prime factors of u?
7
Let c(i) = -2*i - 15. What are the prime factors of c(-11)?
7
Let i(d) = d**2 + 4*d - 9. Let y be i(-9). Suppose l + 3*h = 33 + y, -51 = -l + 3*h. Let f = l + -41. What are the prime factors of f?
19
Let l = -105 + 116. List the prime factors of l.
11
Let y = 3 + 0. Suppose -z + 8 = -y*d, 0*z - 2*z - 5*d - 6 = 0. What are the prime factors of z?
2
Suppose 0 = 4*i - 2*l + 10, 0*i + i + 15 = 3*l. Suppose i = -w + 5*v + 28, -5*v = 2*w - 36 - 65. What are the prime factors of w?
43
Suppose 0 = -5*i - 5*r + 55, -4*i - r = -0*r - 29. List the prime factors of i.
2, 3
Let b(t) = -11*t + 2 + 17*t**2 - 8*t**2 - t**3 + 2. List the prime factors of b(7).
5
Let h(l) = -l**2 - 6*l + 5. Let b be h(-5). Suppose b*i - 4*i = 132. List the prime factors of i.
2, 11
Suppose 3*f - 3*p - 789 = -0*p, -4*f = -2*p - 1052. What are the prime factors of f?
263
Suppose -3*g + 3*a = -21, -1 = 2*g - 5*g - a. Suppose -g = -2*t - 16. Let q(l) = l**2 + 5*l - 7. List the prime factors of q(t).
7
Let v(b